 of 6 and 114.
6
Calculate the greatest common divisor of 2461 and 69.
23
Calculate the highest common divisor of 874 and 114.
38
What is the highest common divisor of 66 and 7370?
22
Calculate the highest common factor of 4 and 964.
4
Calculate the highest common factor of 602 and 14.
14
What is the greatest common divisor of 4687 and 344?
43
What is the greatest common factor of 1244 and 8?
4
What is the highest common divisor of 194 and 679?
97
What is the highest common factor of 106 and 1007?
53
What is the highest common divisor of 18417 and 21?
21
What is the highest common factor of 560 and 2590?
70
Calculate the greatest common factor of 197 and 2.
1
What is the highest common divisor of 65 and 15?
5
Calculate the highest common divisor of 8 and 16.
8
What is the highest common factor of 16 and 16336?
16
What is the greatest common factor of 195 and 221?
13
What is the highest common factor of 110 and 70?
10
Calculate the greatest common factor of 560 and 7.
7
What is the greatest common divisor of 1488 and 155?
31
Calculate the greatest common divisor of 25083 and 27.
27
What is the greatest common divisor of 69 and 23?
23
What is the greatest common factor of 480 and 384?
96
What is the highest common divisor of 2676 and 24?
12
What is the highest common divisor of 5439 and 74?
37
Calculate the highest common factor of 80 and 1090.
10
What is the highest common divisor of 138 and 782?
46
What is the highest common divisor of 3423 and 42?
21
What is the greatest common divisor of 92 and 115?
23
What is the greatest common factor of 270 and 54?
54
What is the greatest common factor of 999 and 259?
37
Calculate the greatest common divisor of 63 and 72.
9
What is the greatest common divisor of 7 and 791?
7
Calculate the highest common divisor of 36 and 6384.
12
What is the greatest common divisor of 3540 and 132?
12
Calculate the highest common factor of 31 and 7099.
31
What is the greatest common divisor of 21 and 3?
3
Calculate the greatest common factor of 2 and 7.
1
Calculate the highest common divisor of 38 and 190.
38
Calculate the highest common divisor of 240 and 320.
80
Calculate the highest common factor of 10 and 10.
10
Calculate the greatest common factor of 21646 and 158.
158
What is the highest common divisor of 1568 and 49?
49
What is the greatest common factor of 63 and 30240?
63
What is the greatest common divisor of 735 and 45?
15
What is the greatest common divisor of 69 and 2139?
69
Calculate the highest common divisor of 51 and 408.
51
What is the greatest common factor of 480 and 1380?
60
Calculate the highest common factor of 492 and 615.
123
Calculate the greatest common divisor of 1900 and 200.
100
What is the highest common divisor of 774 and 3698?
86
What is the highest common divisor of 9381 and 413?
59
Calculate the highest common factor of 12 and 56448.
12
Calculate the highest common divisor of 2700 and 100.
100
Calculate the greatest common divisor of 32 and 928.
32
What is the greatest common divisor of 747 and 83?
83
Calculate the highest common divisor of 1776 and 16206.
222
What is the highest common factor of 56 and 1512?
56
Calculate the highest common divisor of 99 and 18.
9
Calculate the highest common divisor of 1434 and 54.
6
Calculate the greatest common factor of 7 and 26383.
7
What is the greatest common divisor of 9163 and 154?
77
Calculate the greatest common divisor of 3 and 5013.
3
What is the highest common factor of 54 and 108?
54
What is the highest common factor of 2 and 196?
2
Calculate the greatest common factor of 120 and 55.
5
What is the greatest common divisor of 107 and 60241?
107
Calculate the highest common divisor of 162 and 156.
6
Calculate the highest common divisor of 123 and 82.
41
Calculate the greatest common divisor of 1539 and 817.
19
Calculate the greatest common factor of 26 and 208.
26
Calculate the greatest common factor of 195 and 156.
39
Calculate the greatest common divisor of 3472 and 112.
112
What is the highest common factor of 14 and 3283?
7
Calculate the highest common divisor of 26 and 1454.
2
What is the greatest common factor of 23 and 575?
23
Calculate the greatest common factor of 908 and 4.
4
Calculate the greatest common divisor of 70 and 2.
2
Calculate the greatest common divisor of 20 and 990.
10
Calculate the highest common factor of 1800 and 6525.
225
Calculate the highest common factor of 498 and 415.
83
Calculate the greatest common factor of 40689 and 891.
297
Calculate the highest common divisor of 396 and 44.
44
Calculate the greatest common divisor of 1008 and 112.
112
What is the greatest common factor of 103 and 2781?
103
What is the highest common factor of 75 and 750?
75
What is the greatest common divisor of 16 and 80?
16
What is the greatest common factor of 325 and 39?
13
What is the highest common factor of 38129 and 91?
91
What is the highest common factor of 140 and 630?
70
Calculate the highest common divisor of 24895 and 65.
65
What is the highest common factor of 208 and 1014?
26
Calculate the highest common divisor of 63 and 42.
21
What is the greatest common divisor of 405 and 648?
81
Calculate the greatest common factor of 7410 and 114.
114
Calculate the greatest common divisor of 141 and 4794.
141
Calculate the greatest common divisor of 112 and 203.
7
What is the greatest common factor of 18 and 18?
18
Calculate the greatest common divisor of 362 and 16.
2
What is the greatest common factor of 7371 and 81?
81
Calculate the highest common divisor of 1406 and 1184.
74
Calculate the highest common factor of 76 and 1292.
76
Calculate the highest common divisor of 209 and 17556.
209
What is the greatest common factor of 234 and 2977?
13
Calculate the greatest common factor of 10899 and 63.
63
What is the highest common divisor of 168 and 2784?
24
What is the highest common divisor of 14042 and 34?
34
What is the highest common divisor of 340 and 20?
20
What is the greatest common factor of 1465 and 10841?
293
What is the highest common divisor of 3176 and 16?
8
What is the greatest common divisor of 18576 and 54?
54
What is the greatest common factor of 50 and 20?
10
Calculate the greatest common factor of 95 and 59375.
95
Calculate the greatest common divisor of 29 and 2.
1
Calculate the greatest common divisor of 275 and 407.
11
What is the highest common divisor of 351 and 54?
27
What is the highest common divisor of 72 and 6768?
72
What is the greatest common factor of 6642 and 243?
81
Calculate the greatest common factor of 50 and 325.
25
What is the greatest common divisor of 1247 and 43?
43
What is the greatest common factor of 28 and 1372?
28
What is the greatest common factor of 195 and 35945?
65
Calculate the highest common divisor of 84 and 560.
28
What is the highest common factor of 56 and 4340?
28
What is the greatest common divisor of 17 and 4267?
17
Calculate the highest common divisor of 48 and 6.
6
What is the highest common divisor of 34 and 17?
17
Calculate the greatest common factor of 68 and 697.
17
What is the highest common divisor of 39 and 15067?
13
Calculate the greatest common factor of 38 and 11666.
38
What is the greatest common divisor of 1044 and 20?
4
What is the greatest common divisor of 806 and 52?
26
Calculate the greatest common divisor of 779 and 19.
19
Calculate the highest common factor of 77 and 1925.
77
Calculate the highest common divisor of 308 and 539.
77
What is the highest common divisor of 13 and 1352?
13
What is the highest common divisor of 63 and 18?
9
What is the highest common divisor of 1893 and 3?
3
What is the greatest common divisor of 3160 and 40?
40
Calculate the highest common factor of 64 and 1056.
32
Calculate the highest common divisor of 12725 and 25.
25
What is the highest common factor of 1810 and 20?
10
Calculate the greatest common factor of 4632 and 24.
24
What is the greatest common divisor of 2241 and 83?
83
Calculate the greatest common divisor of 297 and 81.
27
Calculate the highest common factor of 715 and 65.
65
Calculate the greatest common divisor of 23 and 14237.
23
Calculate the greatest common factor of 328 and 7298.
82
What is the highest common factor of 120 and 3450?
30
Calculate the highest common divisor of 405 and 108.
27
What is the g